t of j?
8
Let u be (-2)/(-13) - 15/13. Let l(k) = -6*k**2 + 4*k - 19. Let r(t) = t**2 - t + 1. Let v(b) = u*l(b) - 5*r(b). What is the tens digit of v(0)?
1
Let i = 668 - 391. What is the units digit of i?
7
Let g = -70 - -124. Suppose -4*u - t + 137 = -2*t, -56 = -2*u - 2*t. Let p = g - u. What is the units digit of p?
1
Suppose 0 = 6*l - 0*l - 2256. Suppose c - 3*u = 66, 3*c - 2*u - l = -150. What is the units digit of c?
8
Let j be ((-2)/4)/(-1 - 6/(-12)). Let l(w) = 109*w - 1. What is the tens digit of l(j)?
0
Let r = -13 - -1. What is the hundreds digit of 2688/20 + r/(-20)?
1
Let n(s) be the first derivative of s**3/3 - 6*s**2 + 8*s - 8. What is the units digit of n(15)?
3
What is the tens digit of 1287*(-8 - 174/(-18))?
4
Let m = -31 + 38. Let s(x) = 24*x - 12. What is the tens digit of s(m)?
5
Let p be 1/(-7) + (-1)/(-7). Suppose 380 = 5*a + 2*d - 4*d, p = -2*a - d + 161. What is the tens digit of a?
7
Let r(g) = -g - 10. Let c be r(-14). Suppose -5*y + 14 = c*t - 138, -y + 31 = t. What is the tens digit of y?
2
Suppose -3 = -3*z + 3. Let v(j) = -4*j + 1 - 5 + z + j**2 + 4. What is the units digit of v(4)?
2
Suppose 0*v + 9*v = 27. What is the tens digit of 3*(2 + 2 + 8/v)?
2
Suppose -4*g + 13 = 13. Suppose g*s = -s + 92. What is the tens digit of s?
9
Let c(i) = 208*i**3 - 6*i - 1. What is the tens digit of c(3)?
9
Let x = -1240 + 2486. What is the hundreds digit of x?
2
Let c be -22 + (-7 - -23) + 0 + 141. Suppose -1049 = -5*o + 1146. Suppose 4*t = o - c. What is the tens digit of t?
7
Suppose 7*j - 10*j = 4*d - 408, 5*d + 3*j - 507 = 0. What is the tens digit of d?
9
Suppose r + 2*t - 456 + 82 = 0, 3*r = t + 1129. Suppose -5*g + 3*q + r = -q, 4*g - 292 = q. What is the units digit of g?
2
Suppose 0*c + 628 = 4*c. Suppose 10*d + 270 = -670. Let l = c + d. What is the tens digit of l?
6
Let z be (4*-1)/(16/(-56)). Suppose 4*n = 6*n - z. Let m(l) = 2*l - 4. What is the units digit of m(n)?
0
Suppose -3*g + 3*y = -18, 0 = -2*g + y + 3*y + 6. Let s = -7 + g. Suppose 2*p = -s*m + 46, 4*m + 22 = -p + 3*p. What is the units digit of p?
9
Let f(h) = h**2 + 1. Let l(a) = -131*a**3 - 4*a**2 + 2*a - 4. Let i(x) = -3*f(x) - l(x). What is the tens digit of i(1)?
3
Let w be 1/(1/372) - (-3 - -3). Suppose 68 - w = -8*o. What is the tens digit of o?
3
Suppose -510*m - 6300 = -520*m. What is the tens digit of m?
3
Let s(z) = z**3 - 20*z**2 + 58*z + 13. What is the hundreds digit of s(17)?
1
Let h be -4 - (34 + (0 - 0)). Let q be (-19)/h*(0 - 0). Suppose g - 1 = -q*g, 5*g = -4*r + 37. What is the units digit of r?
8
Suppose 3*f - 4*b - 10199 = 0, -5*f - b + 12645 = -4338. What is the tens digit of f?
9
Let y(t) = 25*t - 1. Let k be y(3). Let w = 92 - 105. Let i = k + w. What is the tens digit of i?
6
Let h(x) = x**3 - 28*x**2 - 58*x - 73. What is the hundreds digit of h(31)?
0
Let g(y) = 3*y - 7. Let w(i) = i**3 - 2*i**2 - 3*i. Let t be w(4). Let o = t - 12. What is the units digit of g(o)?
7
Let b(f) = -9*f**3 + f**2 - 16*f - 115. What is the tens digit of b(-6)?
6
Let p(q) = 19*q**2 - 75*q - 719. What is the thousands digit of p(-11)?
2
Let l = -9 + 11. Suppose 0*g + l*g = -2. What is the tens digit of (-25)/g + 2 + 0?
2
Suppose 30*f + 11230 = 40*f. What is the units digit of f?
3
Let s(x) = x**2 + 5*x - 2. Let i be s(-6). Suppose -5*v - 14 - 1 = -5*p, -3*v = -3. What is the units digit of 46 + (p - 1) + i?
3
Let v be (1 - 3)/((-2)/4). Suppose -70 = -2*i - 3*p, -3*i - v*p + 12 + 94 = 0. What is the units digit of i?
8
Let n = -52 - -117. Let g = -23 + n. What is the units digit of g?
2
Let f(i) = 6 + 3 - 23 + 8 + 8*i. What is the tens digit of f(6)?
4
Suppose 4*y + 5*w + 8 = 0, -2*w + 4*w + 8 = 0. Suppose -2*f = 4*c - f - 55, 65 = y*c - 4*f. What is the units digit of -5*(-1 - (-9)/c)?
2
Let w be (-2 + 5)/(-3) - 17. What is the tens digit of (-852)/w - 4/(-6)?
4
Suppose -5*b + 30 = 4*y, b - 3*y = -2*y - 3. Let a(x) = -4*x + b + 4 - 3 - 5. What is the units digit of a(-10)?
8
Let m = -3 + 7. What is the units digit of 94 - (m - 6)*1?
6
Let a = 28 + -7. Let k = 23 - a. What is the units digit of k?
2
Suppose 11*l + 9 = 12*l. Let f(k) be the first derivative of 5*k**2/2 - 5. What is the units digit of f(l)?
5
Suppose 2*c = j + 49, -4*c - 61 = -3*j + 4*j. Let u = j - -96. What is the tens digit of u?
4
Let s(j) = j**3 + 10*j**2 - j. Let z be s(-10). Let t(d) be the first derivative of d**4/4 - 11*d**3/3 + 15*d**2/2 - 3*d - 3. What is the tens digit of t(z)?
4
Let z(p) be the second derivative of p**5/20 + p**4/3 + p**3/6 - p**2/2 + 5*p. Let i be z(-3). Let r = i + -4. What is the units digit of r?
1
Let q = 26 + -25. Suppose -3*w + 107 = 5*o - q, 4*o - 72 = -2*w. What is the units digit of w?
6
Suppose 0 = -5*d + 305 + 1285. What is the units digit of d?
8
Let h(u) = -5*u - 10. Let g be h(-3). Suppose 2*p - g*n = 146, -2*n + 117 + 121 = 3*p. What is the units digit of p?
8
Suppose -5*s = -2*s - 339. What is the tens digit of s?
1
Let w(s) = 10*s - 2. Let z be w(1). Suppose z*c = 4*c + 16. Suppose -4*g - g + 85 = 5*p, -3*g = c*p - 51. What is the tens digit of g?
1
Let i(t) = 64*t - 32. Let d(a) = 65*a - 33. Let y(o) = 6*d(o) - 7*i(o). What is the units digit of y(-2)?
2
Let x = 3283 + -1884. What is the thousands digit of x?
1
Suppose -6246 - 18156 = -21*u. What is the hundreds digit of u?
1
Let g = -977 + 1507. What is the hundreds digit of g?
5
Let h(o) = -3*o - 2. Let v(u) = u**2 + 3*u + 3. Let r be v(-3). Let z be h(r). Let d = z - -38. What is the tens digit of d?
2
Suppose -5696 = -4*m + 4*i, 0 = -5*m - i + 4629 + 2515. What is the tens digit of m?
2
Suppose 8*q - 2 = 7*q. Suppose -q = -2*z, 4*w - 2*z = w + 13. What is the tens digit of (4 - w)*4*-12?
4
Let w be (-57)/(-15) + 1/5. Let r be (1 - (-1 + 0))*2. Suppose 4*q + 0*s - w*s = 60, 5*q - 30 = -r*s. What is the units digit of q?
0
Suppose 0 = 3*y - 112 - 620. Let d = 359 - y. Suppose -5*r = -2*a - d, a = -4*r + 4 + 88. What is the tens digit of r?
2
Suppose 5*l + 106 = -p - 57, 4*p + 580 = -2*l. Let q = p + 253. Suppose -g = 4*g - q. What is the tens digit of g?
2
Let m = -105 + 80. Let l = m + 60. What is the units digit of l?
5
Let x = -2159 + 3736. What is the tens digit of x?
7
Let l = -5 - 0. Let z = 9 + l. Suppose z*d + 5*w = d + 35, w = -d + 9. What is the units digit of d?
5
Suppose -4*a - 11*y + 5948 = -12*y, -a + 1498 = -3*y. What is the thousands digit of a?
1
Let v = -24 + -124. Let f = v - -451. What is the units digit of f?
3
Let q be (5/(-15))/(1/(-12)). Suppose q*p - 5*v - 114 - 282 = 0, 4*p + 5*v = 356. What is the units digit of p?
4
Suppose 4*c - 384 = -0*c - o, 0 = 5*c - o - 471. Let y(r) = -r - 4. Let a be y(-4). Suppose 69 = 3*k + 3*f - a*f, -4*k = 3*f - c. What is the tens digit of k?
2
Suppose -4*x + 9*z - 4*z = -1507, z = -5*x + 1920. What is the units digit of x?
3
Suppose -5*i + 9*i = 3*z + 219, 213 = 4*i + 3*z. What is the units digit of i?
4
Let h be 3 + (-2 - -1) - -33. Suppose h = 3*a + 5. Let l = 33 - a. What is the tens digit of l?
2
Let i = -52 - 0. Suppose 0 = 4*d - 2*z + 108, 0*d - 4*z + 108 = -4*d. Let j = d - i. What is the tens digit of j?
2
Let o = -33 + 35. Suppose -o*d - d + 120 = 0. What is the tens digit of 405/d - 1/8?
1
Let p(n) = -5 + 9 + 5 - 2*n + 5. Let m be p(7). Suppose h = s + 36, 3*s - 5*s + 2 = m. What is the tens digit of h?
3
Let g = -1067 + 1759. What is the hundreds digit of g?
6
Suppose -26*n + 11*n + 26790 = 0. What is the hundreds digit of n?
7
Suppose -21 = 2*a - 3*a. Let s be ((-18)/8)/(a/(-56)). Suppose 0 = -4*r - w + 91, -3*w + s*w + 79 = 4*r. What is the units digit of r?
2
Let a be 2/5 + 72/45. Suppose 10 = a*t - 42. Suppose -5*b = 2*x - 18, t = 5*x + 4*b - 19. What is the units digit of x?
9
Let a = 10 + -10. Suppose a = -5*f + 269 + 1. What is the tens digit of f?
5
Suppose 51*r = -m + 52*r + 3015, 4*m = -r + 12075. What is the tens digit of m?
1
Let y(a) = -a**2 - 14*a + 42. Suppose 13 + 2 = -3*u - 3*w, -3*u = 5*w + 9. What is the units digit of y(u)?
0
Let z(x) = 78*x - 6. Let k(l) = -11*l + 1. Let w(p) = -15*k(p) - 2*z(p). Let h(q) = q**3 + 17*q**2 + 3*q + 56. Let g be h(-17). What is the tens digit of w(g)?
4
Suppose -2*j - u = 60, 2*j - u + 64 = -3*u. Let a be (-2)/(j/8 + 3). Suppose -3*s = r - 5*r - 23, a*r = -3*s 